on factor of 4901 and h?
169
Suppose -3*f + 29 = 26, 4*f - 6076 = -4*d. What is the highest common divisor of d and 12?
6
Let g = -52 - -75. Let f = -94 + 103. Suppose 115 = 10*r - f*r. Calculate the greatest common divisor of g and r.
23
Let w be (-7 + 738/(-12))*-44. What is the highest common factor of 66 and w?
22
Suppose -4*k - 1 = -29, -3*a + 817 = -5*k. Calculate the highest common divisor of 20 and a.
4
Let t(p) = -698*p + 222. Let j be t(-1). What is the highest common factor of 115 and j?
115
Let o = 465 - 95. What is the highest common divisor of o and 518?
74
Let a be (-26)/104 + 117/4. Let r be (a - 11) + 2 + -9. What is the greatest common factor of 352 and r?
11
Suppose -1424*k = -1426*k + 8. What is the greatest common divisor of k and 556?
4
Suppose -100 = -7*d + 54. Suppose 8 = 6*w - d. Let q be ((-515)/(-8) - -1) + 21/(-56). What is the greatest common factor of w and q?
5
Let v = -68 - -74. Let p be v + (16/4 - 8). Suppose -p*y - 4*z + 79 = z, 4*y = -2*z + 134. Calculate the highest common factor of y and 32.
32
Let z(f) = 12*f**2 + f + 1. Suppose 2*c - 1 - 3 = 0. Suppose -18 = c*n - 5*k, -n - k = -5*n. Let a be z(n). What is the greatest common divisor of 42 and a?
14
Let w be (-10)/6*(-3 + (-600)/8). Suppose w - 22 = 3*h. Calculate the highest common divisor of h and 180.
36
Let d(k) = -31*k**2 - 1617*k - 127. Let a be d(-52). What is the highest common divisor of a and 28?
7
Let d = 479 - -1017. What is the highest common divisor of 544 and d?
136
Suppose 0 = 8*i - 11*i + 204. Suppose -i = -g - 3*g. Suppose -g*j - 78 = -20*j. Calculate the highest common factor of j and 286.
26
Let o be 168/(-28) + -474*(-1)/1. Let h = o - -144. Calculate the greatest common divisor of 36 and h.
36
Suppose -2*c + 2966 + 48120 = 12*c. What is the greatest common divisor of c and 41?
41
Let n(g) = -4*g + 24 + 59 - 12 - g. Let j be n(11). Calculate the greatest common factor of j and 128.
16
Suppose -3*m + l = -184, -3*l + 7*l = -5*m + 284. Let o be 4/(0 + 4) - -89. Calculate the greatest common factor of o and m.
30
Let q(t) = t - 6. Let n be q(7). Let a be (14 + -4 + -6)/(n/8). Let j be ((-1)/(-1))/(-1) + 5. What is the highest common factor of j and a?
4
Let u = -1 + 7. Let i(t) = 4*t**2 - 15*t + 13. Let r be i(u). Let v = 251 - r. What is the highest common divisor of 23 and v?
23
Suppose 2*k - 118 = 2*x, 0 = 2*k - 3*x - 41 - 80. What is the greatest common divisor of k and 98?
14
Let i be 116/(-3) + 2/3. Suppose 0 = 4*o - c + 103, -2*c + 13 + 18 = -o. Let r = o - i. Calculate the greatest common divisor of 91 and r.
13
Let f(c) = -c**2 + 113*c - 1680. Let d be f(91). What is the highest common divisor of d and 518?
14
Let l = -22642 + 22721. Calculate the greatest common factor of 23226 and l.
79
Suppose -246*f = -245*f, 16218 = 3*h + 2*f. What is the highest common divisor of 204 and h?
102
Let p be ((-24)/(-10))/3*205/(-369)*-90. Let x be (-24)/(1 + (-20)/8). What is the greatest common factor of x and p?
8
Let u = -9781 - -12815. Calculate the highest common factor of u and 666.
74
Let c(j) = j**3 - 8*j**2 + 66*j - 463. Let s be c(8). Calculate the greatest common divisor of 793 and s.
13
Let h be (72/42)/((-3)/(-21)). Let q be 6*(h/8 + 5). Calculate the highest common factor of 52 and q.
13
Suppose 13*r = 18*r + 4*a - 850, -2*a = -0*a. What is the greatest common divisor of r and 102?
34
Let k(j) = 9*j**2 - j - 2. Let n be k(-2). Suppose 2*x - a + 0*a + 445 = 0, 0 = 4*x - 3*a + 885. Let g = 315 + x. What is the greatest common factor of g and n?
18
Let l(o) = 3*o**2 - o - 16. Suppose 0 = 5*j - 5*t + 15, 3*t + 10 = -2*j - 1. Let r be l(j). Calculate the greatest common divisor of r and 156.
12
Let t(q) = 6*q - 74. Let s(b) = -5*b + 76. Let y(w) = 5*s(w) + 4*t(w). Let d be y(8). What is the highest common divisor of d and 114?
38
Suppose u + 201894 = 17*u + 5*u. Calculate the greatest common factor of u and 46.
46
Let q be 4/5*(110 + 790). Calculate the greatest common divisor of q and 100.
20
Suppose v - 16 + 27 = 0. Let d be 2/((-2)/2) + (v - -13). Suppose d*h + 11*h = 99. What is the highest common factor of h and 63?
9
Suppose 0 = 4*n + b - 29081 - 21689, 4*n = -2*b + 50764. What is the highest common divisor of n and 22?
22
Suppose -3*f = f - 1088. Let o(y) = 238*y + 36430. Let l be o(-153). Calculate the greatest common divisor of f and l.
16
Suppose -3*j - 3*b + 12615 = 0, 21*b = -5*j + 22*b + 21049. What is the greatest common divisor of j and 69?
69
Let f(w) = 24*w**2 + 202*w - 1025. Let u be f(5). Calculate the highest common factor of u and 481.
13
Let q(w) = 29*w**2 - 19*w - 65. Let l be q(16). What is the greatest common factor of 85 and l?
85
Let u = -67 + 69. Suppose -l = -4*d - 20, -2*l - u*d - 2*d + 52 = 0. Let t = l + -13. What is the highest common factor of 88 and t?
11
Suppose 0 = 2515*d - 2494*d - 10962. What is the greatest common factor of d and 58?
58
Let j(u) = 12*u. Suppose 5*c - 4*x + 83 + 151 = 0, -3*c - 2*x - 136 = 0. Let p = c + 49. Let i be j(p). Calculate the highest common divisor of 324 and i.
36
Let v = 4 + -31. Let u be 6/v + 56/9. Let y be ((-1496)/14)/(-2) - (-124)/217. Calculate the greatest common divisor of y and u.
6
Suppose -147*i = -149*i + 2*m + 16204, 3*i = -5*m + 24346. Calculate the greatest common factor of i and 121.
121
Let f = 1111 + 550. Calculate the greatest common factor of 11 and f.
11
Suppose 806 = -57*h + 70*h. Calculate the highest common factor of h and 6.
2
Let h = -32 - 378. Let n = h + 436. Calculate the greatest common factor of n and 130.
26
Suppose -193*y + 33852 = 123*y - 232*y. Calculate the highest common divisor of y and 1178.
31
Let q(g) = 3*g - 32. Let p be q(12). Suppose 5*m = -4*a + 35 + 34, a = -p*m + 53. What is the highest common divisor of 169 and m?
13
Suppose 102*f = 5*a + 106*f - 48, -2*f = -14. What is the highest common divisor of a and 1444?
4
Suppose -826*t + 834*t + 608 = 0. Let q be 2/19 - 8352/t. Let b = -17 - -28. What is the highest common factor of q and b?
11
Let q = 45 - 41. Suppose l = -s + 12, -q*l - 27 + 90 = s. Let u(w) = -34*w. Let d be u(-2). What is the greatest common factor of d and l?
17
Let o = 9 - 9. Suppose o = -z - 124 + 163. Calculate the highest common divisor of z and 26.
13
Let a = 413 - 219. Let g = a + -66. Suppose 0 = 3*w + 3, -4*h = -3*w - 67. Calculate the highest common divisor of g and h.
16
Let g be (-36)/(-21) - 42/(-147). Suppose -b = -3, -2*l - b + g*b = -2813. Calculate the greatest common divisor of 32 and l.
32
Let b(h) = -h**3 + 21*h**2 + 76*h - 1534. Let a be b(21). What is the highest common factor of a and 13857?
31
Let b = 15232 - 15072. What is the highest common factor of b and 1?
1
Let x = -69 - -12. Let u = x - -179. Suppose c - 2*r = -5*r + 18, -2*r + u = 4*c. What is the highest common divisor of 363 and c?
33
Let p be (-4)/2 - (-66 - -2). Let h = -168126 - -168374. Calculate the highest common factor of p and h.
62
Let v be (-83 + 0)/(5/15 - (-9)/(-18)). Calculate the greatest common factor of 42 and v.
6
Suppose -1445 = -13*r - 119. Calculate the greatest common factor of 1870 and r.
34
Suppose 105 - 1725 = -2*y. Let m = 18638 - 18608. Calculate the highest common factor of y and m.
30
Suppose -330*j - 22325 = -345725. Calculate the highest common divisor of 1100 and j.
20
Let u(d) = 6*d**3 - 8 - 5*d**2 - 7*d - 5*d**3 + 0 - 17. Let x be u(7). What is the greatest common divisor of 60 and x?
12
Suppose -5*u = -105 - 135. Let b(i) = 15*i - 236. Let v be b(20). Calculate the greatest common divisor of u and v.
16
Let w(k) = 2*k**2 + 1129*k - 1127*k - 55*k**3 - 47*k**3 + 0*k**2. Let n be 4/(-3) - (-12)/36. Let u be w(n). What is the greatest common factor of 6 and u?
6
Let p(s) = 6*s**3 + 18*s**2 + 2. Let q be p(-3). Suppose 3*g = -q*y + 38, -4*y + 2*g - 3*g = -56. What is the greatest common divisor of y and 481?
13
Let g be 1/(-7)*2 + (-6192)/(-504). Calculate the greatest common divisor of g and 3684.
12
Let o(n) = 3*n - 9. Let v(i) = -i - 1. Let y(d) = o(d) - 3*v(d). Let c be y(5). What is the highest common factor of c and 72?
24
Let y(q) = q**3 + 25*q**2 + 53*q + 89. Let s be y(-20). What is the greatest common divisor of s and 105?
21
Suppose n = -5*q - 0*n + 7680, 0 = n + n. What is the 